 a(u).
9
Let i(p) = p**2 + 6*p - 4. Let a(b) = -b. Let j be a(-2). Let v be (-5 + -4)*((-21)/9 + j). Suppose -v*n + 6 = -w - 2*n, -4*n + 17 = -3*w. Give i(w).
3
Let n(o) = -o**2 + o + 9. Suppose -3*l + k - 37 = -33, -4*l = -3*k - 3. Calculate n(l).
-3
Let q(o) = -2*o - 95. Let y = 7094 + -7138. Give q(y).
-7
Let i(f) = 2*f**3 - 17*f - 15*f + 59*f - 14*f - 3*f**2 - 14*f. What is i(-1)?
-4
Let v(j) = -j**3 - j**2 - 16. Let q be (144/30 + -6)*-20. Suppose 0 = 18*d - q*d. Calculate v(d).
-16
Let q(t) = -5*t**3 - t**2 - 2*t - 10. Suppose -269*h = -261*h + 24. Determine q(h).
122
Let h(i) = -i**2 - 14*i - 37. Let j = 58 + 30. Suppose -3*k + 11*k + j = 0. Calculate h(k).
-4
Let c = -3253 - -3254. Let q(k) be the third derivative of 7*k**4/24 - k**3/2 - 3*k**2. What is q(c)?
4
Let v(r) = r**3 - 9*r**2 + 21*r. Let p be v(5). Let y be ((12/p)/3)/((-7)/35). Let b(h) = -h**3 - 3*h**2 + 6*h + 2. Calculate b(y).
-6
Let a(j) = -2*j + 1. Let s(u) = -2*u. Let t = -5 + 2. Let m(x) = t*a(x) + 2*s(x). Let i(k) = 2255*k + 117252. Let b be i(-52). Give m(b).
-19
Let f(m) be the second derivative of -m**6/90 + m**5/60 - 44*m**4/3 - 4*m - 2. Let h(g) be the third derivative of f(g). Determine h(6).
-46
Let q = 26258 - 26259. Let t(i) = -13*i - 16. Calculate t(q).
-3
Let l be (-11 + 2 + -1)*-1. Let a(w) = 105871*w - 14 - 52933*w + 38 - 52940*w. Give a(l).
4
Let y be 12/(14/((-392)/42)). Let u(i) = i**2 + 12*i - 2. Calculate u(y).
-34
Let n(v) be the third derivative of v**5/30 + 5*v**4/12 + 160*v**3/3 - v**2 + 96*v. Let p(q) be the first derivative of n(q). What is p(-3)?
-2
Let m = -4849 + 4849. Let b(f) be the third derivative of 0*f - 7*f**2 - 1/24*f**4 + m + 1/2*f**3. Calculate b(8).
-5
Let x(m) = -39*m - 12. Let t(k) = -357*k + 1782. Let h be t(5). What is x(h)?
105
Let u(h) = -h + 3. Let v(j) = -3*j**2 + 51*j + 24. Let d be v(17). Suppose t = 9*t - d. Determine u(t).
0
Let m = 49 + -47. Let u be 7/m*(-140)/(-49). Let a(r) = -r**2 + 11*r - 10. Determine a(u).
0
Let s(m) = -m**2 + 6*m - 2. Let a(u) be the first derivative of -u**3/3 + 5*u**2 - 11*u + 623. Suppose 0 = 4*c, -d + 5*d + c = 32. Let o be a(d). What is s(o)?
3
Suppose 5*o + 1170 = 7*o. Suppose 0 = -13*z + 8*z + o. Let j(w) = 59*w**2 + w - z*w**2 + 57*w**2 + 1. What is j(2)?
-1
Let i(v) = -7*v + 1. Let w be 38 + -1 + (-24)/(-6). Suppose 0 = -19*r - 22*r - w. Give i(r).
8
Let l(z) = -39*z + 19*z + 16*z - 7. Let s(v) = 21*v + 35. Let q(m) = -11*l(m) - 2*s(m). Suppose 0 = 26*f - 30*f - 28. Calculate q(f).
-7
Let z(p) be the first derivative of -16*p**3/3 - 27*p**2 - 6*p - 3667. Determine z(-4).
-46
Let q be 0/(3/((-12)/(-8)*-1)). Suppose 2*t + 4 + 8 = q. Let n(h) = -h**2 - 8*h - 3. What is n(t)?
9
Let r(q) be the second derivative of 0*q**3 - 1/12*q**4 - 11/2*q**2 - 4 + 6*q. Give r(0).
-11
Suppose -10 - 10 = 5*v. Suppose 4*y = 5*h + 6, h - 5*y = 3*h - 24. Let g(m) = 2*m**h + 3 + 4*m**2 + 3*m - 1 - 5*m**2. Determine g(v).
6
Let r(w) = -w**3 - 6*w**2 + 7*w - 6. Let g be 0*(10/(-4))/(-5). Suppose -4*s = -g*s + 3*v - 62, -5*v - 46 = -4*s. Let x = s - 21. Give r(x).
-6
Let i(o) = 13*o**3 + o - 2. Let q be i(1). Suppose -u + 11 = 5*r, q - 45 = 5*u + 3*r. Let z(b) = 3*b + 13. Calculate z(u).
-14
Let m(p) = 5*p**2 - 11*p + 1. Suppose 0 = 7*b + 2*d - 11, -3*d + 8 = 6*b - 4*b. Give m(b).
-5
Let y(w) = w**3 + 5*w**2 - 8*w - 4. Suppose -k + 3 = -0*k. Suppose k*c + 7*c = 160. Suppose 5*s + 18 = 4*q - 8, -2*s - 4*q - c = 0. Determine y(s).
8
Let d(o) = -2*o**2 + 9*o + 15. Suppose 1578*m - 1590*m + 84 = 0. Determine d(m).
-20
Let c(o) = 368273 + 368305 - 103*o - 737294. Give c(-7).
5
Let v(a) = -2*a**3 + 13*a**2 + 19*a + 18. Let r(m) = -3*m**3 + 28*m**2 + 38*m + 37. Let f(k) = 3*r(k) - 5*v(k). Give f(-18).
3
Suppose -4*f = -3*h - h - 28, 3*h = -9. Let a(c) = -4*c - 2*c + 6*c + f*c. What is a(1)?
4
Let y(u) = u**3 + 36*u**2 + u + 47 + 0*u - 30 - 42*u**2 - 28. Give y(6).
-5
Let j be (-6)/(-4) - 473/86. Let x(a) = -a**3 - 10*a**2 - 4*a + 8. What is x(j)?
-72
Let g be (30/(-25))/(6/40). Let n be (-4)/g + 33/2. Suppose 37 - n = -4*w. Let q(p) = p**2 + 7*p + 7. Give q(w).
-3
Suppose -48*d = -2 + 146. Let p(t) = -22*t - 4. What is p(d)?
62
Let k(t) = -t**2 + 18*t + 26. Let g = -46221 + 46240. What is k(g)?
7
Let b(y) be the first derivative of 21 + 15*y - 1/6*y**3 - y**2. Let o(p) be the first derivative of b(p). What is o(-3)?
1
Let n(s) = s**3 - s**2 + 1. Let q be 2/(-12) - 74/(-12). Suppose 72 = -q*v + 12. Let g = 11 + v. Determine n(g).
1
Let i(a) be the first derivative of -a**3/3 + 4*a**2 - 20*a + 410. What is i(5)?
-5
Let t(j) = j**2 - 5*j - 8. Let f(v) = 9*v - 2. Let k be f(-11). Suppose 27*c - 108 = 26*c + 3*y, 0 = -c + 5*y + 108. Let r = c + k. Give t(r).
6
Let b(y) = -3*y - 86. Let m be b(-31). Let p be m + -2 + 7/7. Let t(j) = -j + 1. Let o(u) = -3*u + 6. Let z(k) = -2*o(k) + 4*t(k). Give z(p).
4
Suppose 14*c - 3*l = 16*c + 6, -3*l = c. Let i(b) = -b**3 - 5*b**2 + 3*b - 5. Determine i(c).
13
Let d(v) = -6*v - 1. Suppose -2*l + 13 = 5. Suppose -10*j = -9*j + 2*s - l, 3*j = -2*s. Calculate d(j).
11
Let y(g) be the third derivative of g**5/60 - g**4/6 - 2*g**3 - g**2. Let d(t) = 1094*t + 147697. Let z be d(-135). Give y(z).
9
Suppose -2*z + 51 = 2*u - 7*u, 0 = 4*z + 2*u - 114. Suppose -4*q = -7*t + 3*t + z, 0 = -t + 1. Let a(s) = -s - 6. What is a(q)?
0
Let q(y) = -y**3 + 5*y**2 - y - 4. Suppose 21*u - 280 = -7*u. Suppose u*k - 16 = 6*k. Give q(k).
8
Let j(y) = 1 + 3*y - 1. Let d(m) = m**2 - 3*m + 10. Let w be d(7). Let n = w + -40. What is j(n)?
-6
Let u(w) = -46*w**3 - 9 + 135*w**3 - 45*w**3 - 45*w**3 + 5*w**2. What is u(5)?
-9
Let m(s) = s**2 - 10*s + 37. Let k be m(8). Let h = k - 15. Let b(y) = 2*y**2 - 10*y + 7. Give b(h).
19
Suppose 136 = -5*t + 261. Let m(b) = -2*b + 5*b + 18 - t. Calculate m(5).
8
Let r(x) = -166*x + 130*x - 16405 + 17123. Calculate r(20).
-2
Suppose -3*p + 87 = -a, 2*a + 3*p = 7*a + 387. Let g = a - -71. Let u(x) = x**2 + 5*x + 3. Determine u(g).
-1
Let w(i) = i + 148. Let r(p) = 46*p - 987. Let z(b) = r(b) + 5*w(b). Give z(5).
8
Let f = -717 + 1093. Let d(t) = t**3 - 366 + 3*t**2 + 1103 - 20*t - f - 369. Give d(-6).
4
Suppose -5*g = -2*b + 18, 5*b - 21*g + 23*g = 16. Let j(l) be the first derivative of -7/2*l**2 - 1/4*l**4 + 5/3*l**3 + 3 + 4*l. What is j(b)?
-8
Suppose -100*h + 89 - 1129 = 260. Let d(a) = a**2 + 14*a + 15. Determine d(h).
2
Let t(p) = 6 - 4*p + 10 + 10 + 1. Let c be t(5). Let r(q) = q + 10. What is r(c)?
17
Let t(n) = 2*n**2 - 27*n - 43. Let b be t(15). Let q(v) = 3*v**3 - 2*v**2 + 2*v - 3. What is q(b)?
17
Let j(c) = 5*c**2 - 771*c + 918. Let s be j(153). Let u(r) be the third derivative of -r**6/120 + 11*r**3/2 - r**2. Calculate u(s).
33
Let i(t) = -19*t**3 + 5*t - 491*t**2 + 487*t**2 - 1 + 0*t**3. Let d(l) = -l**3 - l**2 + l. Let u(n) = -5*d(n) + i(n). Determine u(-1).
14
Let k(r) be the first derivative of 4*r**3/3 - 2*r**2 + 3*r - 3487. Let g(b) = -8*b - 7 + 0*b - b**2 + 2*b**2. Let l be g(9). Calculate k(l).
11
Let t(h) be the first derivative of 5*h**3/3 + 6*h**2 + 8*h + 83. Let n(b) = -3*b**2 - 8*b - 5. Let x(o) = -8*n(o) - 5*t(o). Give x(4).
0
Let i(f) = -4*f**2 + 3*f**2 + 89628 - 14*f - 89650. What is i(-3)?
11
Let m be (-38)/(-2) + (-122 - -101). Let q(d) = 9*d**3 - 2*d**2 + 2. Give q(m).
-78
Let x be 9*(4/26 + 766/(-78)). Let w = x - -103. Let g(o) = w*o - 34*o - 1 + 16*o. Determine g(2).
-5
Suppose -8*m = -6*m - 144. Let o(j) = 2*j + 74 - m + j. What is o(-5)?
-13
Let z(m) = -2*m**2 + m - 3. Suppose -20 = -83*o + 478. What is z(o)?
-69
Let y(h) = -4*h + 18. Let a = 1774 - 1767. What is y(a)?
-10
Let p(n) = 4*n + 3. Let w(d) = -21*d - 17. Let u(b) = -11*p(b) - 2*w(b). Let g(k) = k**2 - 1. Let i be g(0). Let l be 2 - -3 - (i - -2). Determine u(l).
-7
Let a(u) = -2*u**2 + 3*u - 2. Suppose 4*j - 18 = -2*q, 4*q = -2*j - 10 + 40. Suppose -q*f + 2*f - 13 = -4*x, -5*f = x + 3. Determine a(x).
-4
Let j(w) = w + 1. Let q(v) = -v**2 + 7*v + 5. Let x(a) = -j(a) + q(a). Let t(f) = -2*f**3 - 25*f**2 + 13*f + 4. Let k be t(-13). Determine x(k).
12
Let d(l) = 3*l**2 - 2*l - 1. Let k(p) = -p**3 + 16*p**2 + 34*p + 36. Let q be k(18). Suppose 108*v - 117*v = q. What is d(v)?
-1
Suppose 5*j - 3 = -3*b, 0 = -5*j + 3*b + 4 - 7. Suppose j*o - 2*o + 20 = 0. Suppose 15 = 13*c - o*c.